{"id":11,"date":"2024-06-02T09:57:32","date_gmt":"2024-06-02T07:57:32","guid":{"rendered":"https:\/\/www.parrocchiadigraffignana.it\/viavai\/?page_id=11"},"modified":"2024-06-06T15:06:31","modified_gmt":"2024-06-06T13:06:31","slug":"comunicazioni","status":"publish","type":"page","link":"https:\/\/www.parrocchiadigraffignana.it\/viavai\/comunicazioni\/","title":{"rendered":"Comunicazioni"},"content":{"rendered":"<ul class=\"wp-block-latest-posts__list has-dates has-author wp-block-latest-posts\"><li><a class=\"wp-block-latest-posts__post-title\" href=\"https:\/\/www.parrocchiadigraffignana.it\/viavai\/2024\/09\/03\/comunicazione-12-serata-finale\/\">Comunicazione 12 &#8211; Serata Finale<\/a><div class=\"wp-block-latest-posts__post-author\">di Bardoni Nicol\u00f2<\/div><time datetime=\"2024-09-03T17:43:33+02:00\" class=\"wp-block-latest-posts__post-date\">3 Settembre 2024<\/time><div class=\"wp-block-latest-posts__post-excerpt\">Volantino Serata Finale Grest<\/div><\/li>\n<li><a class=\"wp-block-latest-posts__post-title\" href=\"https:\/\/www.parrocchiadigraffignana.it\/viavai\/2024\/09\/03\/comunicazione-11-biciclettata\/\">Comunicazione 11 &#8211; Biciclettata<\/a><div class=\"wp-block-latest-posts__post-author\">di Bardoni Nicol\u00f2<\/div><time datetime=\"2024-09-03T17:19:00+02:00\" class=\"wp-block-latest-posts__post-date\">3 Settembre 2024<\/time><div class=\"wp-block-latest-posts__post-excerpt\">Mercoled\u00ec 04 Settembre, durante la mattina, per i ragazzi e le ragazze dalla classe 5\u00aa Elementare (fatta), \u00e8 prevista un\u2019uscita in bicicletta con meta a piacere del Don, pertanto chiediamo che i partecipanti arrivino muniti di bicicletta (si chiede gentilmente di verificare lo stato delle gomme e della bicicletta in generale), cappellino, PRANZO AL SACCO&hellip;<\/div><\/li>\n<li><a class=\"wp-block-latest-posts__post-title\" href=\"https:\/\/www.parrocchiadigraffignana.it\/viavai\/2024\/08\/31\/comunicazione-10-attivita-di-camminata\/\">Comunicazione 10 &#8211; Attivit\u00e0 di Camminata<\/a><div class=\"wp-block-latest-posts__post-author\">di Bardoni Nicol\u00f2<\/div><time datetime=\"2024-08-31T19:06:49+02:00\" class=\"wp-block-latest-posts__post-date\">31 Agosto 2024<\/time><div class=\"wp-block-latest-posts__post-excerpt\">Si comunica che luned\u00ec 2 settembre nel pomeriggio i ragazzi e le ragazze del GREST saranno impegnati in un\u2019attivit\u00e0 di camminata (alla portata di tutti) per il paese, accompagnati dagli assistenti.Sar\u00e0 necessario quindi che i ragazzi e le ragazze arrivino muniti di scarpe comode, cappello, zaino con acqua\/borraccia.Per chi non volesse aderire all\u2019attivit\u00e0 il GREST&hellip;<\/div><\/li>\n<li><a class=\"wp-block-latest-posts__post-title\" href=\"https:\/\/www.parrocchiadigraffignana.it\/viavai\/2024\/08\/26\/comunicazione-09-gardaland-uscita-ore-1100\/\">Comunicazione 09 &#8211; Gardaland USCITA ORE 11:00<\/a><div class=\"wp-block-latest-posts__post-author\">di Bardoni Nicol\u00f2<\/div><time datetime=\"2024-08-26T14:41:07+02:00\" class=\"wp-block-latest-posts__post-date\">26 Agosto 2024<\/time><div class=\"wp-block-latest-posts__post-excerpt\">Si ricorda che Mercoled\u00ec 28 Agosto 2024 il Grest terminer\u00e0 alle ore 11:00, per consentire a tutti i partecipanti di essere puntuali in p.zza Mercato per la partenza verso Gardaland prevista per le ore 12:45.<\/div><\/li>\n<li><a class=\"wp-block-latest-posts__post-title\" href=\"https:\/\/www.parrocchiadigraffignana.it\/viavai\/2024\/08\/23\/comunicazione-08-cena-nel-mezzo-del-nostro-cammino\/\">Comunicazione 08 &#8211; Cena &#8220;Nel mezzo del nostro cammino&#8221;<\/a><div class=\"wp-block-latest-posts__post-author\">di Bardoni Nicol\u00f2<\/div><time datetime=\"2024-08-23T14:42:01+02:00\" class=\"wp-block-latest-posts__post-date\">23 Agosto 2024<\/time><div class=\"wp-block-latest-posts__post-excerpt\">Si trasmette l&#8217;avviso in oggetto. INOLTRE Si ricorda che la Cena \u00e8 aperta a tutti, gli animatori saranno impegnati nell\u2019organizzazione pertanto sar\u00e0 necessario che i bambini fino alla 5\u00b0 Elementare compresa, siano accompagnati o associati ad un maggiorenne per loro responsabile, \u00e8 possibile iscriversi in segreteria entro mercoled\u00ec\u00a028\/08\u00a0ore\u00a09:30.Cordiali SalutiLa Segreteria MODULO DI ADESIONE:<\/div><\/li>\n<li><a class=\"wp-block-latest-posts__post-title\" href=\"https:\/\/www.parrocchiadigraffignana.it\/viavai\/2024\/08\/21\/comunicazione-07-giochi-dacqua\/\">Comunicazione 07 &#8211; Giochi d&#8217;Acqua<\/a><div class=\"wp-block-latest-posts__post-author\">di Bardoni Nicol\u00f2<\/div><time datetime=\"2024-08-21T18:00:00+02:00\" class=\"wp-block-latest-posts__post-date\">21 Agosto 2024<\/time><div class=\"wp-block-latest-posts__post-excerpt\">COMUNICAZIONE NR. 7 DEL 21-08-2024 Gioved\u00ec 22 Agosto, durante il pomeriggio, per tutti i ragazzi e le ragazze, sono previsti I GIOCHI D\u2019ACQUA, pertanto chiediamo che arrivino muniti di: Cordiali Saluti La Segreteria<\/div><\/li>\n<li><a class=\"wp-block-latest-posts__post-title\" href=\"https:\/\/www.parrocchiadigraffignana.it\/viavai\/2024\/08\/19\/comunicazione-06-parco-acquatico-lodi-splash\/\">Comunicazione 06 &#8211; Parco Acquatico &#8220;Lodi Splash&#8221;<\/a><div class=\"wp-block-latest-posts__post-author\">di Bardoni Nicol\u00f2<\/div><time datetime=\"2024-08-19T14:06:00+02:00\" class=\"wp-block-latest-posts__post-date\">19 Agosto 2024<\/time><div class=\"wp-block-latest-posts__post-excerpt\">COMUNICAZIONE NR. 6 DEL 19-08-2024 Mercoled\u00ec 21 Agosto, andremo al Parco Acquatico \u201cLodi Splash\u201d. L\u2019ingresso in oratorio sar\u00e0 come d\u2019abitudine alle ore 9:00, in seguito ci trasferiremo nel parcheggio del cimitero in via s. Colombano per la partenza. Il pranzo SAR\u00c0 AL SACCO, A CARICO DEI PARTECIPANTI. Il rientro \u00e8 previsto presso il parcheggio del&hellip;<\/div><\/li>\n<li><a class=\"wp-block-latest-posts__post-title\" href=\"https:\/\/www.parrocchiadigraffignana.it\/viavai\/2024\/08\/05\/comunicazione-05-gardaland-2024\/\">Comunicazione 05 &#8211; Gardaland 2024<\/a><div class=\"wp-block-latest-posts__post-author\">di Bardoni Nicol\u00f2<\/div><time datetime=\"2024-08-05T15:22:27+02:00\" class=\"wp-block-latest-posts__post-date\">5 Agosto 2024<\/time><div class=\"wp-block-latest-posts__post-excerpt\">Il grest va a Gardaland! Info ed iscrizioni nel volantino. Link Iscrizione ON-LINE<\/div><\/li>\n<li><a class=\"wp-block-latest-posts__post-title\" href=\"https:\/\/www.parrocchiadigraffignana.it\/viavai\/2024\/07\/27\/comunicazione-04-agg-prezzi-con-nuovo-sconto-iscriviti-entro-il-18-08-2024\/\">Comunicazione 04 &#8211; Agg. Prezzi con nuovo sconto (iscriviti entro il 18\/08\/2024 ore 18:00)<\/a><div class=\"wp-block-latest-posts__post-author\">di Bardoni Nicol\u00f2<\/div><time datetime=\"2024-07-27T18:01:00+02:00\" class=\"wp-block-latest-posts__post-date\">27 Luglio 2024<\/time><div class=\"wp-block-latest-posts__post-excerpt\">Iscriviti entro il 18\/08\/2024 e avrai diritto a una nuova scontistica! Dopo tale data verr\u00e0 applicato il prezzo intero.<\/div><\/li>\n<li><a class=\"wp-block-latest-posts__post-title\" href=\"https:\/\/www.parrocchiadigraffignana.it\/viavai\/2024\/06\/21\/comunicazione-nr-3-iscrizioni-aperte\/\">Comunicazione 03 &#8211; Iscrizioni APERTE<\/a><div class=\"wp-block-latest-posts__post-author\">di Bardoni Nicol\u00f2<\/div><time datetime=\"2024-06-21T08:00:00+02:00\" class=\"wp-block-latest-posts__post-date\">21 Giugno 2024<\/time><div class=\"wp-block-latest-posts__post-excerpt\">Con la presente, si comunica l&#8217;apertura delle iscrizioni al Grest 2024 &#8211; Via Vai, l&#8217;iscrizione \u00e8 possibile tramite sito web: www.portaleoracom.it. La Segreteria \u00e8 a disposizione per necessit\u00e0 al numero whatsApp 3336462782 oppure segreteria@portaleoracom.it Cordiali Saluti La Segreteria<\/div><\/li>\n<li><a class=\"wp-block-latest-posts__post-title\" href=\"https:\/\/www.parrocchiadigraffignana.it\/viavai\/2024\/06\/06\/locandina-grest-2024\/\">Comunicazione 02 &#8211; Locandina Grest 2024<\/a><div class=\"wp-block-latest-posts__post-author\">di Bardoni Nicol\u00f2<\/div><time datetime=\"2024-06-06T15:00:51+02:00\" class=\"wp-block-latest-posts__post-date\">6 Giugno 2024<\/time><div class=\"wp-block-latest-posts__post-excerpt\">Con la presente si allega &#8220;Locandina Grest 2024&#8221;<\/div><\/li>\n<li><a class=\"wp-block-latest-posts__post-title\" href=\"https:\/\/www.parrocchiadigraffignana.it\/viavai\/2024\/05\/01\/comunicazione-nr-1-invia-la-tua-candidatura-da-animatore\/\">Comunicazione 01 &#8211; Invia la tua Candidatura da Animatore<\/a><div class=\"wp-block-latest-posts__post-author\">di Bardoni Nicol\u00f2<\/div><time datetime=\"2024-05-01T21:00:00+02:00\" class=\"wp-block-latest-posts__post-date\">1 Maggio 2024<\/time><div class=\"wp-block-latest-posts__post-excerpt\">Vuoi Fare l&#8217;animatore? inviaci la tua candidatura compilando il form.<\/div><\/li>\n<\/ul>","protected":false},"excerpt":{"rendered":"","protected":false},"author":1,"featured_media":0,"parent":0,"menu_order":0,"comment_status":"closed","ping_status":"closed","template":"","meta":{"footnotes":""},"class_list":["post-11","page","type-page","status-publish","hentry"],"_links":{"self":[{"href":"https:\/\/www.parrocchiadigraffignana.it\/viavai\/wp-json\/wp\/v2\/pages\/11","targetHints":{"allow":["GET"]}}],"collection":[{"href":"https:\/\/www.parrocchiadigraffignana.it\/viavai\/wp-json\/wp\/v2\/pages"}],"about":[{"href":"https:\/\/www.parrocchiadigraffignana.it\/viavai\/wp-json\/wp\/v2\/types\/page"}],"author":[{"embeddable":true,"href":"https:\/\/www.parrocchiadigraffignana.it\/viavai\/wp-json\/wp\/v2\/users\/1"}],"replies":[{"embeddable":true,"href":"https:\/\/www.parrocchiadigraffignana.it\/viavai\/wp-json\/wp\/v2\/comments?post=11"}],"version-history":[{"count":2,"href":"https:\/\/www.parrocchiadigraffignana.it\/viavai\/wp-json\/wp\/v2\/pages\/11\/revisions"}],"predecessor-version":[{"id":86,"href":"https:\/\/www.parrocchiadigraffignana.it\/viavai\/wp-json\/wp\/v2\/pages\/11\/revisions\/86"}],"wp:attachment":[{"href":"https:\/\/www.parrocchiadigraffignana.it\/viavai\/wp-json\/wp\/v2\/media?parent=11"}],"curies":[{"name":"wp","href":"https:\/\/api.w.org\/{rel}","templated":true}]}}

<ul class="wp-block-latest-posts__list has-dates has-author wp-block-latest-posts"><li><a class="wp-block-latest-posts__post-title" href="https://www.parrocchiadigraffignana.it/viavai/2024/09/03/comunicazione-12-serata-finale/">Comunicazione 12 &#8211; Serata Finale</a><div class="wp-block-latest-posts__post-author">di Bardoni Nicolò</div><time datetime="2024-09-03T17:43:33+02:00" class="wp-block-latest-posts__post-date">3 Settembre 2024</time><div class="wp-block-latest-posts__post-excerpt">Volantino Serata Finale Grest</div></li>
<li><a class="wp-block-latest-posts__post-title" href="https://www.parrocchiadigraffignana.it/viavai/2024/09/03/comunicazione-11-biciclettata/">Comunicazione 11 &#8211; Biciclettata</a><div class="wp-block-latest-posts__post-author">di Bardoni Nicolò</div><time datetime="2024-09-03T17:19:00+02:00" class="wp-block-latest-posts__post-date">3 Settembre 2024</time><div class="wp-block-latest-posts__post-excerpt">Mercoledì 04 Settembre, durante la mattina, per i ragazzi e le ragazze dalla classe 5ª Elementare (fatta), è prevista un’uscita in bicicletta con meta a piacere del Don, pertanto chiediamo che i partecipanti arrivino muniti di bicicletta (si chiede gentilmente di verificare lo stato delle gomme e della bicicletta in generale), cappellino, PRANZO AL SACCO&hellip;</div></li>
<li><a class="wp-block-latest-posts__post-title" href="https://www.parrocchiadigraffignana.it/viavai/2024/08/31/comunicazione-10-attivita-di-camminata/">Comunicazione 10 &#8211; Attività di Camminata</a><div class="wp-block-latest-posts__post-author">di Bardoni Nicolò</div><time datetime="2024-08-31T19:06:49+02:00" class="wp-block-latest-posts__post-date">31 Agosto 2024</time><div class="wp-block-latest-posts__post-excerpt">Si comunica che lunedì 2 settembre nel pomeriggio i ragazzi e le ragazze del GREST saranno impegnati in un’attività di camminata (alla portata di tutti) per il paese, accompagnati dagli assistenti.Sarà necessario quindi che i ragazzi e le ragazze arrivino muniti di scarpe comode, cappello, zaino con acqua/borraccia.Per chi non volesse aderire all’attività il GREST&hellip;</div></li>
<li><a class="wp-block-latest-posts__post-title" href="https://www.parrocchiadigraffignana.it/viavai/2024/08/26/comunicazione-09-gardaland-uscita-ore-1100/">Comunicazione 09 &#8211; Gardaland USCITA ORE 11:00</a><div class="wp-block-latest-posts__post-author">di Bardoni Nicolò</div><time datetime="2024-08-26T14:41:07+02:00" class="wp-block-latest-posts__post-date">26 Agosto 2024</time><div class="wp-block-latest-posts__post-excerpt">Si ricorda che Mercoledì 28 Agosto 2024 il Grest terminerà alle ore 11:00, per consentire a tutti i partecipanti di essere puntuali in p.zza Mercato per la partenza verso Gardaland prevista per le ore 12:45.</div></li>
<li><a class="wp-block-latest-posts__post-title" href="https://www.parrocchiadigraffignana.it/viavai/2024/08/23/comunicazione-08-cena-nel-mezzo-del-nostro-cammino/">Comunicazione 08 &#8211; Cena &#8220;Nel mezzo del nostro cammino&#8221;</a><div class="wp-block-latest-posts__post-author">di Bardoni Nicolò</div><time datetime="2024-08-23T14:42:01+02:00" class="wp-block-latest-posts__post-date">23 Agosto 2024</time><div class="wp-block-latest-posts__post-excerpt">Si trasmette l&#8217;avviso in oggetto. INOLTRE Si ricorda che la Cena è aperta a tutti, gli animatori saranno impegnati nell’organizzazione pertanto sarà necessario che i bambini fino alla 5° Elementare compresa, siano accompagnati o associati ad un maggiorenne per loro responsabile, è possibile iscriversi in segreteria entro mercoledì 28/08 ore 9:30.Cordiali SalutiLa Segreteria MODULO DI ADESIONE:</div></li>
<li><a class="wp-block-latest-posts__post-title" href="https://www.parrocchiadigraffignana.it/viavai/2024/08/21/comunicazione-07-giochi-dacqua/">Comunicazione 07 &#8211; Giochi d&#8217;Acqua</a><div class="wp-block-latest-posts__post-author">di Bardoni Nicolò</div><time datetime="2024-08-21T18:00:00+02:00" class="wp-block-latest-posts__post-date">21 Agosto 2024</time><div class="wp-block-latest-posts__post-excerpt">COMUNICAZIONE NR. 7 DEL 21-08-2024 Giovedì 22 Agosto, durante il pomeriggio, per tutti i ragazzi e le ragazze, sono previsti I GIOCHI D’ACQUA, pertanto chiediamo che arrivino muniti di: Cordiali Saluti La Segreteria</div></li>
<li><a class="wp-block-latest-posts__post-title" href="https://www.parrocchiadigraffignana.it/viavai/2024/08/19/comunicazione-06-parco-acquatico-lodi-splash/">Comunicazione 06 &#8211; Parco Acquatico &#8220;Lodi Splash&#8221;</a><div class="wp-block-latest-posts__post-author">di Bardoni Nicolò</div><time datetime="2024-08-19T14:06:00+02:00" class="wp-block-latest-posts__post-date">19 Agosto 2024</time><div class="wp-block-latest-posts__post-excerpt">COMUNICAZIONE NR. 6 DEL 19-08-2024 Mercoledì 21 Agosto, andremo al Parco Acquatico “Lodi Splash”. L’ingresso in oratorio sarà come d’abitudine alle ore 9:00, in seguito ci trasferiremo nel parcheggio del cimitero in via s. Colombano per la partenza. Il pranzo SARÀ AL SACCO, A CARICO DEI PARTECIPANTI. Il rientro è previsto presso il parcheggio del&hellip;</div></li>
<li><a class="wp-block-latest-posts__post-title" href="https://www.parrocchiadigraffignana.it/viavai/2024/08/05/comunicazione-05-gardaland-2024/">Comunicazione 05 &#8211; Gardaland 2024</a><div class="wp-block-latest-posts__post-author">di Bardoni Nicolò</div><time datetime="2024-08-05T15:22:27+02:00" class="wp-block-latest-posts__post-date">5 Agosto 2024</time><div class="wp-block-latest-posts__post-excerpt">Il grest va a Gardaland! Info ed iscrizioni nel volantino. Link Iscrizione ON-LINE</div></li>
<li><a class="wp-block-latest-posts__post-title" href="https://www.parrocchiadigraffignana.it/viavai/2024/07/27/comunicazione-04-agg-prezzi-con-nuovo-sconto-iscriviti-entro-il-18-08-2024/">Comunicazione 04 &#8211; Agg. Prezzi con nuovo sconto (iscriviti entro il 18/08/2024 ore 18:00)</a><div class="wp-block-latest-posts__post-author">di Bardoni Nicolò</div><time datetime="2024-07-27T18:01:00+02:00" class="wp-block-latest-posts__post-date">27 Luglio 2024</time><div class="wp-block-latest-posts__post-excerpt">Iscriviti entro il 18/08/2024 e avrai diritto a una nuova scontistica! Dopo tale data verrà applicato il prezzo intero.</div></li>
<li><a class="wp-block-latest-posts__post-title" href="https://www.parrocchiadigraffignana.it/viavai/2024/06/21/comunicazione-nr-3-iscrizioni-aperte/">Comunicazione 03 &#8211; Iscrizioni APERTE</a><div class="wp-block-latest-posts__post-author">di Bardoni Nicolò</div><time datetime="2024-06-21T08:00:00+02:00" class="wp-block-latest-posts__post-date">21 Giugno 2024</time><div class="wp-block-latest-posts__post-excerpt">Con la presente, si comunica l&#8217;apertura delle iscrizioni al Grest 2024 &#8211; Via Vai, l&#8217;iscrizione è possibile tramite sito web: www.portaleoracom.it. La Segreteria è a disposizione per necessità al numero whatsApp 3336462782 oppure segreteria@portaleoracom.it Cordiali Saluti La Segreteria</div></li>
<li><a class="wp-block-latest-posts__post-title" href="https://www.parrocchiadigraffignana.it/viavai/2024/06/06/locandina-grest-2024/">Comunicazione 02 &#8211; Locandina Grest 2024</a><div class="wp-block-latest-posts__post-author">di Bardoni Nicolò</div><time datetime="2024-06-06T15:00:51+02:00" class="wp-block-latest-posts__post-date">6 Giugno 2024</time><div class="wp-block-latest-posts__post-excerpt">Con la presente si allega &#8220;Locandina Grest 2024&#8221;</div></li>
<li><a class="wp-block-latest-posts__post-title" href="https://www.parrocchiadigraffignana.it/viavai/2024/05/01/comunicazione-nr-1-invia-la-tua-candidatura-da-animatore/">Comunicazione 01 &#8211; Invia la tua Candidatura da Animatore</a><div class="wp-block-latest-posts__post-author">di Bardoni Nicolò</div><time datetime="2024-05-01T21:00:00+02:00" class="wp-block-latest-posts__post-date">1 Maggio 2024</time><div class="wp-block-latest-posts__post-excerpt">Vuoi Fare l&#8217;animatore? inviaci la tua candidatura compilando il form.</div></li>
</ul>
