{"id":45,"date":"2025-06-07T16:45:20","date_gmt":"2025-06-07T14:45:20","guid":{"rendered":"https:\/\/www.parrocchiadigraffignana.it\/toctoc\/?page_id=45"},"modified":"2025-07-08T14:06:49","modified_gmt":"2025-07-08T12:06:49","slug":"comunicazioni","status":"publish","type":"page","link":"https:\/\/www.parrocchiadigraffignana.it\/toctoc\/comunicazioni\/","title":{"rendered":"Comunicazioni"},"content":{"rendered":"<ul class=\"wp-block-latest-posts__list has-dates has-author wp-block-latest-posts\"><li><a class=\"wp-block-latest-posts__post-title\" href=\"https:\/\/www.parrocchiadigraffignana.it\/toctoc\/2025\/09\/02\/comunicazione-nr-9-del-02-09-2025-serata-finale\/\">COMUNICAZIONE NR. 9 DEL 02-09-2025 \u2013 Serata Finale<\/a><div class=\"wp-block-latest-posts__post-author\">di Bardoni Nicol\u00f2<\/div><time datetime=\"2025-09-02T10:45:36+02:00\" class=\"wp-block-latest-posts__post-date\">2 Settembre 2025<\/time><div class=\"wp-block-latest-posts__post-excerpt\">Buongiorno, alleghiamo la Locandina della Serata Finale. Cordiali Saluti La Segreteria<\/div><\/li>\n<li><a class=\"wp-block-latest-posts__post-title\" href=\"https:\/\/www.parrocchiadigraffignana.it\/toctoc\/2025\/09\/01\/comunicazione-nr-8-del-01-09-2025-uscita-alle-ore-1100-per-gardaland\/\">COMUNICAZIONE NR. 8 DEL 01-09-2025 \u2013 Uscita alle ore 11:00 per Gardaland<\/a><div class=\"wp-block-latest-posts__post-author\">di Bardoni Nicol\u00f2<\/div><time datetime=\"2025-09-01T15:57:14+02:00\" class=\"wp-block-latest-posts__post-date\">1 Settembre 2025<\/time><div class=\"wp-block-latest-posts__post-excerpt\">Si ricorda che Marted\u00ec 02 Settembre 2025 il Grest terminer\u00e0 alle ore 11:00, per consentire a tutti i partecipanti di essere puntuali in p.zza Mercato per la partenza verso Gardaland prevista per le ore 12:45. Cordiali Saluti La Segreteria<\/div><\/li>\n<li><a class=\"wp-block-latest-posts__post-title\" href=\"https:\/\/www.parrocchiadigraffignana.it\/toctoc\/2025\/08\/25\/comunicazione-nr-7-del-25-08-2025-giochi-dacqua\/\">COMUNICAZIONE NR. 7 DEL 25-08-2025 &#8211; Giochi d&#8217;acqua<\/a><div class=\"wp-block-latest-posts__post-author\">di Bortolotto Cristian<\/div><time datetime=\"2025-08-25T21:20:16+02:00\" class=\"wp-block-latest-posts__post-date\">25 Agosto 2025<\/time><div class=\"wp-block-latest-posts__post-excerpt\">Marted\u00ec 26 Agosto, durante il pomeriggio, per tutti i ragazzi e le ragazze, sono previsti I GIOCHI D\u2019ACQUA, pertanto chiediamo che i ragazzi arrivino muniti di: Cordiali SalutiLa Segreteria<\/div><\/li>\n<li><a class=\"wp-block-latest-posts__post-title\" href=\"https:\/\/www.parrocchiadigraffignana.it\/toctoc\/2025\/08\/25\/comunicazione-nr-6-del-25-08-2025-uscita-a-caravaggio\/\">COMUNICAZIONE NR. 6 DEL 25-08-2025 &#8211; Uscita a Caravaggio<\/a><div class=\"wp-block-latest-posts__post-author\">di Bortolotto Cristian<\/div><time datetime=\"2025-08-25T21:09:13+02:00\" class=\"wp-block-latest-posts__post-date\">25 Agosto 2025<\/time><div class=\"wp-block-latest-posts__post-excerpt\">Alleghiamo locandina dell&#8217;uscita con i ragazzi al Santuario di Caravaggio con il programma dettagliato.<\/div><\/li>\n<li><a class=\"wp-block-latest-posts__post-title\" href=\"https:\/\/www.parrocchiadigraffignana.it\/toctoc\/2025\/08\/21\/comunicazione-nr-5-del-21-08-2025-cena-a-narnia\/\">COMUNICAZIONE NR. 5 DEL 21-08-2025 &#8211; Cena a NARNIA<\/a><div class=\"wp-block-latest-posts__post-author\">di Bardoni Nicol\u00f2<\/div><time datetime=\"2025-08-21T15:44:49+02:00\" class=\"wp-block-latest-posts__post-date\">21 Agosto 2025<\/time><div class=\"wp-block-latest-posts__post-excerpt\">Alleghiamo il volantino dell&#8217;evento Grest 2025 &#8220;Cena a NARNIA&#8221; Modulo d&#8217;iscrizione:<\/div><\/li>\n<li><a class=\"wp-block-latest-posts__post-title\" href=\"https:\/\/www.parrocchiadigraffignana.it\/toctoc\/2025\/08\/19\/comunicazione-nr-4-del-19-08-2025-variazione-menu-mensa-rif-cambio-giorno-lodi-splash\/\">COMUNICAZIONE NR. 4 DEL 19-08-2025 &#8211; Variazione Men\u00f9 Mensa (rif. cambio giorno Lodi Splash)<\/a><div class=\"wp-block-latest-posts__post-author\">di Bardoni Nicol\u00f2<\/div><time datetime=\"2025-08-19T09:30:00+02:00\" class=\"wp-block-latest-posts__post-date\">19 Agosto 2025<\/time><div class=\"wp-block-latest-posts__post-excerpt\">Buongiorno, si comunica la variazione del men\u00f9 mensa in seguito lo spostamento della giornata al Parco Acquatico Lodi Splash. Cordiali Saluti La Segreteria<\/div><\/li>\n<li><a class=\"wp-block-latest-posts__post-title\" href=\"https:\/\/www.parrocchiadigraffignana.it\/toctoc\/2025\/08\/18\/comunicazione-nr-3-del-18-08-2025\/\">COMUNICAZIONE NR. 3 DEL 18-08-2025 &#8211; Lodi Splash<\/a><div class=\"wp-block-latest-posts__post-author\">di Bardoni Nicol\u00f2<\/div><time datetime=\"2025-08-18T16:00:00+02:00\" class=\"wp-block-latest-posts__post-date\">18 Agosto 2025<\/time><div class=\"wp-block-latest-posts__post-excerpt\">Mercoled\u00ec 20 agosto era in programma la giornata al Parco Acquatico \u201cLodi Splash\u201d.Visto il maltempo previsto, abbiamo deciso di spostare l\u2019uscita a venerd\u00ec 22 agosto. NUOVO PROGRAMMA MERCOLED\u00cc 20 AGOSTO (Per il servizio mensa verranno considerate le presenze di venerd\u00ec 22\/08); se non iscritti al servizio mensa i ragazzi usciranno per il pranzo alle ore&hellip;<\/div><\/li>\n<li><a class=\"wp-block-latest-posts__post-title\" href=\"https:\/\/www.parrocchiadigraffignana.it\/toctoc\/2025\/08\/01\/locandina-gardaland-2025\/\">COMUNICAZIONE NR. 2 DEL 01-08-2025 &#8211; Locandina Grest 2025, TOCTOC, Locandina Gardaland 2025<\/a><div class=\"wp-block-latest-posts__post-author\">di Bardoni Nicol\u00f2<\/div><time datetime=\"2025-08-01T12:28:10+02:00\" class=\"wp-block-latest-posts__post-date\">1 Agosto 2025<\/time><div class=\"wp-block-latest-posts__post-excerpt\">Il grest va a Gardaland! Marted\u00ec 2 Settembre &#8211; Info ed iscrizioni sul volantino. Link Iscrizione ON-LINE: https:\/\/forms.gle\/MwMFk5TZpt8FjZVk7<\/div><\/li>\n<li><a class=\"wp-block-latest-posts__post-title\" href=\"https:\/\/www.parrocchiadigraffignana.it\/toctoc\/2025\/07\/08\/locandina-grest-2025-toctoc\/\">COMUNICAZIONE NR. 1 DEL 08-07-2025 &#8211; Locandina Grest 2025, TOCTOC<\/a><div class=\"wp-block-latest-posts__post-author\">di Bardoni Nicol\u00f2<\/div><time datetime=\"2025-07-08T14:05:12+02:00\" class=\"wp-block-latest-posts__post-date\">8 Luglio 2025<\/time><div class=\"wp-block-latest-posts__post-excerpt\">Volantino Grest 2025 &#8211; TOCTOC, Attivit\u00e0, Progetti e Costi<\/div><\/li>\n<\/ul>","protected":false},"excerpt":{"rendered":"","protected":false},"author":1,"featured_media":0,"parent":0,"menu_order":0,"comment_status":"closed","ping_status":"closed","template":"","meta":{"footnotes":""},"class_list":["post-45","page","type-page","status-publish","hentry"],"_links":{"self":[{"href":"https:\/\/www.parrocchiadigraffignana.it\/toctoc\/wp-json\/wp\/v2\/pages\/45","targetHints":{"allow":["GET"]}}],"collection":[{"href":"https:\/\/www.parrocchiadigraffignana.it\/toctoc\/wp-json\/wp\/v2\/pages"}],"about":[{"href":"https:\/\/www.parrocchiadigraffignana.it\/toctoc\/wp-json\/wp\/v2\/types\/page"}],"author":[{"embeddable":true,"href":"https:\/\/www.parrocchiadigraffignana.it\/toctoc\/wp-json\/wp\/v2\/users\/1"}],"replies":[{"embeddable":true,"href":"https:\/\/www.parrocchiadigraffignana.it\/toctoc\/wp-json\/wp\/v2\/comments?post=45"}],"version-history":[{"count":4,"href":"https:\/\/www.parrocchiadigraffignana.it\/toctoc\/wp-json\/wp\/v2\/pages\/45\/revisions"}],"predecessor-version":[{"id":69,"href":"https:\/\/www.parrocchiadigraffignana.it\/toctoc\/wp-json\/wp\/v2\/pages\/45\/revisions\/69"}],"wp:attachment":[{"href":"https:\/\/www.parrocchiadigraffignana.it\/toctoc\/wp-json\/wp\/v2\/media?parent=45"}],"curies":[{"name":"wp","href":"https:\/\/api.w.org\/{rel}","templated":true}]}}